**3 + 3*u**2 - 4*u + 2. List the prime factors of a(t).
3, 5
Suppose 0 = -s + k + 7, 2*k + 13 = 4*s - 9. Suppose -s*l + 1227 = 5*j + 23, -2*j + 304 = l. Let z = l + -183. What are the prime factors of z?
113
Suppose -24 = 3*r + 3*l, 2*r + 3 + 8 = 3*l. Let a(u) = -22*u - 3. Let g be a(r). List the prime factors of -5*g*(2 - (-12)/(-5)).
2, 151
Let c = -437 - 131. Let a = c - -1045. What are the prime factors of a?
3, 53
Suppose -w - 17021 = -k, 3*k + 10415 = 4*w + 61479. List the prime factors of k.
2, 5, 23, 37
Suppose 310 = -2*u + 316. Suppose a + 5*h = 163, 0 = -u*a + h + h + 455. What are the prime factors of a?
3, 17
Let m(o) = -6*o**3 - 4*o**2 + 5*o + 11. Let v be m(-9). Let y = v - 1919. Suppose 9*t - y = -441. What are the prime factors of t?
2, 23
Let c = -1493 + 2507. Let f = 1542 - c. List the prime factors of f.
2, 3, 11
Suppose -u - 5*t = 24, 0*u = 2*u + 4*t + 18. What are the prime factors of 1/(u/2 - 489/990)?
3, 5, 11
Let q = 167721 + -99434. List the prime factors of q.
23, 2969
Suppose 0 = -308*a + 63938 + 9197314. List the prime factors of a.
3, 13, 257
Let h be (-6)/4*24/(-9). Let a be 9/(-27) + h/(-6). List the prime factors of (121 - a)*(-6)/(-12).
61
Let p = -23770 - -35354. List the prime factors of p.
2, 181
Let k(u) = -175*u + 2927. List the prime factors of k(0).
2927
Let w = 24364 + -15599. What are the prime factors of w?
5, 1753
Let w(m) = 3*m**2 - 12*m + 5. Let b(r) = -6*r**2 + 25*r - 11. Let n(c) = 2*b(c) + 5*w(c). Let y be n(5). Let x = y + 30. List the prime factors of x.
2, 29
Suppose -5*w + 4*j + 1728 + 543 = 0, 2*w - j = 909. List the prime factors of w + 3/12*4.
2, 3, 19
Let b(y) = 64*y**2 + 1. Let z be b(2). Let g = 10348 - 10465. Let v = z + g. What are the prime factors of v?
2, 5, 7
Let g(j) = -3522*j + 14160. What are the prime factors of g(-14)?
2, 3, 41, 43
Let s(g) = -126*g + 44. Suppose -2*i + 5*d = 10*d + 30, 2*i + 2*d = -18. What are the prime factors of s(i)?
2, 337
Let c = -26107 + 39803. What are the prime factors of c?
2, 107
Let u(l) = -3*l**2 - 4*l + 3. Let i be u(-10). Let p be i/(-3) + 6/(-9). Suppose -p + 310 = 3*d. List the prime factors of d.
3, 5
Suppose -5999*z - 3924547 = -6046*z. What are the prime factors of z?
11, 7591
Suppose 2*b - 5543 = -5*k, 2*k - 12239 - 1629 = -5*b. List the prime factors of b.
2, 19, 73
Suppose -22 = 6*d + 26. Let h(l) = -2*l**2 - 13*l - 17. Let j be h(d). Let c = j + 46. List the prime factors of c.
5
Suppose 3*l + 95 = 5*k, 5*l + 0*k = 4*k - 154. Let b = l + 34. Suppose -6*j - 117 = -b*p - 5*j, -3*p + 87 = -j. List the prime factors of p.
2, 3, 5
Let j = 596 - 507. Suppose -240 = -2*l + 118. Let u = l - j. What are the prime factors of u?
2, 3, 5
Let x = 117 + -115. Suppose 0 = 3*h - x*h + 1, 329 = 3*v + 4*h. Let p = v + 19. What are the prime factors of p?
2, 5, 13
Let t = -9707 - -40146. List the prime factors of t.
61, 499
Let g = -213 - -299. Let z = 80 - 76. Suppose g = q - 5*x - 29, z*x = 3*q - 323. List the prime factors of q.
3, 5, 7
Suppose f = -2*h, -2*h + 4 = -4*h - 2*f. List the prime factors of h/(-13) - 6*10555/(-130).
487
Suppose -3*h = 4*d - 107, 4*d - h - 2*h = 101. Let r = d + -24. List the prime factors of (7*r/(-4))/(2/(-4)).
7
What are the prime factors of (0 - (3 - 3616))/(-13*8/(-208))?
2, 3613
Suppose 196 = 40*b - 4. Suppose -42*t = -45*t - b*p + 919, 1208 = 4*t - 2*p. List the prime factors of t.
3, 101
Suppose -6 = -5*w + 2*f + 2*f, -2*f + 6 = 2*w. Suppose 0 = w*c + 4*o - 16, -2*o + o = -4*c + 59. Suppose 2*d - c - 106 = 0. List the prime factors of d.
2, 3, 5
Let m = -493 + 495. List the prime factors of m*(-1211 - -7)/(-7).
2, 43
Suppose 154*f - 3*s = 156*f - 14312, 5*f - 35806 = -s. List the prime factors of f.
2, 3581
Let j(w) = -w**2 + 6*w + 2. Let a be j(7). Let t be 2/(-5) - (a - (-189)/15). Let h(g) = -6*g + 5. What are the prime factors of h(t)?
53
Let y(d) = d - 24. Let x be y(4). What are the prime factors of 6687/15 + (36/x)/(-9)?
2, 223
Suppose 0 = 11*q - 431 - 86. Suppose -11*c + 30 + q = 0. Suppose 2 = -i, -c*m + 4*m = -4*i - 536. List the prime factors of m.
2, 11
Suppose -a - 2*c = 12, -4*c - 25 - 1 = 3*a. Let o = 6 + a. Suppose 153 - 53 = o*m. What are the prime factors of m?
5
Let r(j) = 50*j**2 + 53*j - 69. List the prime factors of r(12).
3, 863
Let n(d) = 2*d**2 - 1 + 9*d - 5*d**2 + 2*d**2 - 8. Let q be n(7). Let k(p) = 10*p - 16. List the prime factors of k(q).
2, 17
Let v = 6919 - 4045. What are the prime factors of v?
2, 3, 479
Let t(d) = -d**3 - 24*d**2 + 46*d + 59. Let g be t(-26). Suppose -b = 3*a - 7*a - g, -b - a = -220. What are the prime factors of b?
3, 73
Suppose -3*z + 19386 = 4*d, -d + 1881 = 5*z - 2974. What are the prime factors of d?
3, 5, 17, 19
Suppose -d = -2*f - 230, -2*f - 128 = -5*d + 86. Let i = -111 - f. Suppose 5*s + 340 = 5*b, -7*s = -2*b - i*s + 134. List the prime factors of b.
2, 3, 11
Let v be ((-1)/(-2))/((-7)/14) - 6. Let u = v - -12. Suppose 376 = 4*h + 4*b, -3*b - 241 = u*h - 711. List the prime factors of h.
2, 47
Let r = 251 - 357. Let s be 2/(-6) - -2*698/12. Let k = r + s. List the prime factors of k.
2, 5
Suppose 14*x - 12*x + 1816 = 0. Let v = x + 1679. Suppose -9*n + v = -822. What are the prime factors of n?
3, 59
Let q(d) = 2*d**3 - 182*d**2 + 22*d + 72. What are the prime factors of q(92)?
2, 29, 41
Let j = 1495 + -2857. Let m = j + 2310. Suppose 33*b + m = 37*b. What are the prime factors of b?
3, 79
Suppose 0 = 5*b - 3*b - 10. Let t(k) = 5*k - 8. Let m be t(b). Suppose m = y - 37. What are the prime factors of y?
2, 3
Let m(x) be the first derivative of -5*x**4/4 - 2*x**3 + 3*x**2/2 + 4*x + 2. Suppose 20 = -9*k - 7. What are the prime factors of m(k)?
2, 19
Let w(q) = -q**2 - 17*q + 22. Suppose -9 = -7*t + 26. Suppose 2*y + 3*y - t*n = -60, -5*n + 44 = -3*y. List the prime factors of w(y).
2, 47
Let g(u) = 2237*u - 10745. List the prime factors of g(37).
2, 3, 3001
Suppose -2*t - g + 2780 = 0, 5*t + 28*g = 32*g + 6963. What are the prime factors of t?
13, 107
Let n(a) = 267*a - 987. What are the prime factors of n(52)?
3, 1433
Let r be -5 + (-88)/(-8) + (4461 - -3). Let x = r - 2570. What are the prime factors of x?
2, 5, 19
Let a(h) = -2796*h + 2228. What are the prime factors of a(-11)?
2, 7, 19, 31
Let b(m) = 6*m**3 - 2*m**2 + 77*m - 94. What are the prime factors of b(15)?
23, 907
Suppose -86 = -3*z + 2*l, 0 = 2*z + 4*l + 9 - 61. Let m = 40 - z. What are the prime factors of (-17)/(-1) - (m - 9)?
2, 7
Let h(w) = -8*w - 3. Let c be h(-2). Let u(f) = 9*f + 8. Let o(l) = 17*l + 17. Let x(d) = 4*o(d) - 7*u(d). List the prime factors of x(c).
7, 11
Suppose -384 = -3*u + 1236. Suppose 24*c - u = 20*c. Suppose 4*g = g + c. List the prime factors of g.
3, 5
Let m = -5 + 9. Let w = -283 + 287. Suppose 56 = o + m*o - z, z = -w*o + 52. List the prime factors of o.
2, 3
Let d(v) = 406*v**2 + 15*v + 9. List the prime factors of d(-13).
2, 17107
Let k(l) be the first derivative of 28*l**2 - 2*l + 3. Let i be k(1). Suppose 2*z - i = z. What are the prime factors of z?
2, 3
Suppose 0 = -2*i - z + 19051, 78*i = 79*i - 2*z - 9518. List the prime factors of i.
2, 2381
Let u = -1324 + 1784. List the prime factors of u.
2, 5, 23
Suppose 22*q = 187348 + 884008. What are the prime factors of q?
2, 13, 1873
Let k(u) = 3*u**2 + 4*u + 127. Let s(i) = -7*i**2 - 9*i - 255. Let p(m) = 5*k(m) + 2*s(m). Let z be -4*(-5 + 4) + -4. What are the prime factors of p(z)?
5
Let a(d) = -38*d**3 + 3*d + 9. Let v be a(-4). Suppose v = 4*u + 3*u. List the prime factors of u.
347
Let h = 4 - 7. Let s be (40 - 0) + 1 + h. Let w = s + -17. What are the prime factors of w?
3, 7
Let a = -5554 + 13301. What are the prime factors of a?
61, 127
Let n(l) = -l**3 - 7*l**2 + 12*l - 6. Let u = 22 - 31. Let o be n(u). Suppose -216 = -4*y + o. List the prime factors of y.
2, 3, 11
Suppose -173*n - 256464 = -948637. List the prime factors of n.
4001
Suppose 0 = 5*q + 8*y - 7*y + 11620, 3*q - 5*y + 6972 = 0. Let g = -1183 - q. What are the prime factors of g?
7, 163
Suppose -8*h = -13*h + 30. Let i(u) = u**2 + 8*u + 5. Let c(f) = 2*f**2 + 16*f + 10. Let a(m) = -4*c(m) + 9*i(m). List the prime factors of a(h).
89
Let m(y) be the third derivative of 11/2*y**3 + 0 + 1/12*y**5 + 0*y - 27*y**2 + 1/4*y**4. What are